{"id":183678,"date":"2026-01-15T17:14:31","date_gmt":"2026-01-15T16:14:31","guid":{"rendered":"https:\/\/sex-3.de\/shop\/shop\/pump-worx-saugpumpe-mit-masturbator\/"},"modified":"2026-01-19T09:35:19","modified_gmt":"2026-01-19T08:35:19","slug":"pump-worx-saugpumpe-mit-masturbator","status":"publish","type":"product","link":"https:\/\/sex-3.de\/shop\/shop\/pump-worx-saugpumpe-mit-masturbator\/","title":{"rendered":"PUMP WORX &#8211; SAUGPUMPE MIT MASTURBATOR"},"content":{"rendered":"<p style=\"text-align: center;\"><embed allowfullscreen=\"true\" allowscriptaccess=\"always\" flashvars=\"&amp;controlbar=bottom&amp;netstreambasepath=http%3A%2F%2Fwww.pipedreamproducts.com%2F&amp;file=http%3A%2F%2Fwww.pipedreamproducts.com%2Fpdtv_videos\/pdtvvideo_0000000158.m4v&amp;autostart=true\" height=\"304\" src=\"http:\/\/www.pipedreamproducts.com\/jwplayer\/player.swf\" width=\"650\"><\/embed><\/p>\n<p> Genie\u00dfen Sie mit diesem Reiseentwickler Ihre Privatsph\u00e4re auf Reisen mit dem Komfort von zu Hause.<\/p>\n<p> Diese Kollektion in Reisegr\u00f6\u00dfe verwandelt einen Entwickler in eine Kombination aus Masturbator und Saugpumpe.<\/p>\n<p> Dieses luxuri\u00f6se 9-teilige Set wird in einem praktischen, leicht zu tragenden Etui geliefert und enth\u00e4lt eine Anf\u00e4ngerpumpe, 3 Fanta-Flesh-Aufs\u00e4tze, die Ihnen das Gef\u00fchl von vaginalem, analem und oralem Sex vermitteln, ein wasserdichtes vibrierendes Bullet, einen Penisring und kostenlose Proben von Moist Lubricant, Pump Worx Toy Cleaner und Thickening Cream.<\/p>\n<p> Die Fanta Flesh-K\u00f6pfe lassen sich ganz einfach anbringen und Sie haben die M\u00f6glichkeit, das vibrierende Bullet anzubringen, um Ihr Vergn\u00fcgen zu verl\u00e4ngern.<\/p>\n<ul>\n<li> 100 % phthalatfrei.<\/li>\n<\/ul>\n<p> Sie werden jeden Millimeter Ihres Zauberstabs der Lust umh\u00fcllen.<br \/> Mit jedem Druck auf die medizinische Pumpe steigt Ihr Vergn\u00fcgen immer weiter an, bis Sie den Himmel der Lust erreichen.<\/p>\n<p> Sobald Sie Ihren Penis durch die PVC-\u00d6ffnung einf\u00fchren, werden Sie sehen, wie er hart wie ein Stein, steif wie ein Baum und l\u00e4nger haltbar als Methusalem wird, und gleichzeitig werden Sie das Gef\u00fchl immer mehr genie\u00dfen &#8230;<\/p>\n<p> Durch den durchsichtigen Vakuumschlauch k\u00f6nnen Sie Ihrem gro\u00dfen Jungen beim Wachsen zusehen und mit dem Schnellablassventil k\u00f6nnen Sie den Druck ablassen.<\/p>\n<p> Um Ihre Erektion zu verl\u00e4ngern, schieben Sie den Ring \u00fcber Ihr Glied, bis er bequem, aber fest sitzt.<\/p>\n<p> Wenn Sie fertig sind und damit es wie neu aussieht, empfehlen wir, den Zylinder einfach von der Vakuumpumpe zu l\u00f6sen und mit warmem Wasser und unserem Pump Worx Toy Cleaner zu reinigen.<\/p>\n<ul>\n<li> Ma\u00dfe: 20,5 cm x 8 cm.<\/li>\n<li> Batterien im Lieferumfang enthalten.<\/li>\n<\/ul>\n","protected":false},"excerpt":{"rendered":"<p>Genie\u00dfen Sie mit diesem Reiseentwickler Ihre Privatsph\u00e4re auf Reisen mit dem Komfort von zu Hause. Diese Kollektion in Reisegr\u00f6\u00dfe verwandelt einen Entwickler in eine Kombination aus Masturbator und Saugpumpe. Dieses luxuri\u00f6se 9-teilige Set wird in einem praktischen, leicht zu tragenden Etui geliefert und enth\u00e4lt eine Anf\u00e4ngerpumpe, 3 Fanta-Flesh-Aufs\u00e4tze, die Ihnen das Gef\u00fchl von vaginalem, analem<\/p>\n<div class=\"more-link\">\n\t\t\t\t <a href=\"https:\/\/sex-3.de\/shop\/shop\/pump-worx-saugpumpe-mit-masturbator\/\" class=\"btn theme-btn\"><span>Weiterlesen <\/span><i class=\"icofont-thin-double-right\"><\/i><\/a>\n\t\t\t<\/div>\n","protected":false},"featured_media":127398,"comment_status":"closed","ping_status":"open","template":"","meta":[],"product_brand":[],"product_cat":[1203,1218,1219,1217],"product_tag":[],"class_list":{"0":"post-183678","1":"product","2":"type-product","3":"status-publish","4":"has-post-thumbnail","6":"product_cat-lovetoys","7":"product_cat-peniszubehoer","8":"product_cat-pumpe-zur-penisvergroesserung","9":"product_cat-sexspielzeug-fuer-maenner","11":"first","12":"instock","13":"taxable","14":"shipping-taxable","15":"purchasable","16":"product-type-simple"},"_links":{"self":[{"href":"https:\/\/sex-3.de\/shop\/wp-json\/wp\/v2\/product\/183678","targetHints":{"allow":["GET"]}}],"collection":[{"href":"https:\/\/sex-3.de\/shop\/wp-json\/wp\/v2\/product"}],"about":[{"href":"https:\/\/sex-3.de\/shop\/wp-json\/wp\/v2\/types\/product"}],"replies":[{"embeddable":true,"href":"https:\/\/sex-3.de\/shop\/wp-json\/wp\/v2\/comments?post=183678"}],"wp:featuredmedia":[{"embeddable":true,"href":"https:\/\/sex-3.de\/shop\/wp-json\/wp\/v2\/media\/127398"}],"wp:attachment":[{"href":"https:\/\/sex-3.de\/shop\/wp-json\/wp\/v2\/media?parent=183678"}],"wp:term":[{"taxonomy":"product_brand","embeddable":true,"href":"https:\/\/sex-3.de\/shop\/wp-json\/wp\/v2\/product_brand?post=183678"},{"taxonomy":"product_cat","embeddable":true,"href":"https:\/\/sex-3.de\/shop\/wp-json\/wp\/v2\/product_cat?post=183678"},{"taxonomy":"product_tag","embeddable":true,"href":"https:\/\/sex-3.de\/shop\/wp-json\/wp\/v2\/product_tag?post=183678"}],"curies":[{"name":"wp","href":"https:\/\/api.w.org\/{rel}","templated":true}]}}