{"id":181004,"date":"2026-01-15T15:51:34","date_gmt":"2026-01-15T14:51:34","guid":{"rendered":"https:\/\/sex-3.de\/shop\/shop\/hotflowers-herren-tanga-2-erdbeer-wafer-nippel-es-pt-en-fr-it\/"},"modified":"2026-01-19T09:27:28","modified_gmt":"2026-01-19T08:27:28","slug":"hotflowers-herren-tanga-2-erdbeer-wafer-nippel-es-pt-en-fr-it","status":"publish","type":"product","link":"https:\/\/sex-3.de\/shop\/shop\/hotflowers-herren-tanga-2-erdbeer-wafer-nippel-es-pt-en-fr-it\/","title":{"rendered":"HOTFLOWERS &#8211; HERREN-TANGA+ 2 ERDBEER-WAFER-NIPPEL \/es\/pt\/en\/fr\/it\/"},"content":{"rendered":"<p><strong>WAFER-TANGA UND 2 BOY-NIPPELPADS ERDBEERGESCHMACK.<\/strong><\/p>\n<p> Perfekte S\u00fc\u00dfigkeiten f\u00fcr s\u00fc\u00dfe Fetischmomente. Es ist flexibel und passt sich allen Gr\u00f6\u00dfen an. Hinterl\u00e4sst keine Flecken oder Verf\u00e4rbungen durch Lippenfeuchtigkeit.<\/p>\n<p> LECKEN UND BEISSEN SIE SICH ZU EROTISCHER EKTASE UND SPASS!<\/p>\n<p> Je mehr sie daran leckt, desto besser schmeckt es und desto mehr genie\u00dft sie die Leidenschaft. <strong>Erdbeergeschmack<\/strong> . Sie werden nicht aufh\u00f6ren zu lecken und zu knabbern und Ihrem Partner ein w\u00fcrziges Kitzelgef\u00fchl zu bereiten.<\/p>\n","protected":false},"excerpt":{"rendered":"<p>WAFER-TANGA UND 2 BOY-NIPPELPADS ERDBEERGESCHMACK. Perfekte S\u00fc\u00dfigkeiten f\u00fcr s\u00fc\u00dfe Fetischmomente. Es ist flexibel und passt sich allen Gr\u00f6\u00dfen an. Hinterl\u00e4sst keine Flecken oder Verf\u00e4rbungen durch Lippenfeuchtigkeit. LECKEN UND BEISSEN SIE SICH ZU EROTISCHER EKTASE UND SPASS! Je mehr sie daran leckt, desto besser schmeckt es und desto mehr genie\u00dft sie die Leidenschaft. Erdbeergeschmack . Sie<\/p>\n<div class=\"more-link\">\n\t\t\t\t <a href=\"https:\/\/sex-3.de\/shop\/shop\/hotflowers-herren-tanga-2-erdbeer-wafer-nippel-es-pt-en-fr-it\/\" class=\"btn theme-btn\"><span>Weiterlesen <\/span><i class=\"icofont-thin-double-right\"><\/i><\/a>\n\t\t\t<\/div>\n","protected":false},"featured_media":101762,"comment_status":"closed","ping_status":"open","template":"","meta":[],"product_brand":[],"product_cat":[1243,1293],"product_tag":[],"class_list":{"0":"post-181004","1":"product","2":"type-product","3":"status-publish","4":"has-post-thumbnail","6":"product_cat-dessous","7":"product_cat-essbare-dessous","9":"first","10":"instock","11":"taxable","12":"shipping-taxable","13":"purchasable","14":"product-type-simple"},"_links":{"self":[{"href":"https:\/\/sex-3.de\/shop\/wp-json\/wp\/v2\/product\/181004","targetHints":{"allow":["GET"]}}],"collection":[{"href":"https:\/\/sex-3.de\/shop\/wp-json\/wp\/v2\/product"}],"about":[{"href":"https:\/\/sex-3.de\/shop\/wp-json\/wp\/v2\/types\/product"}],"replies":[{"embeddable":true,"href":"https:\/\/sex-3.de\/shop\/wp-json\/wp\/v2\/comments?post=181004"}],"wp:featuredmedia":[{"embeddable":true,"href":"https:\/\/sex-3.de\/shop\/wp-json\/wp\/v2\/media\/101762"}],"wp:attachment":[{"href":"https:\/\/sex-3.de\/shop\/wp-json\/wp\/v2\/media?parent=181004"}],"wp:term":[{"taxonomy":"product_brand","embeddable":true,"href":"https:\/\/sex-3.de\/shop\/wp-json\/wp\/v2\/product_brand?post=181004"},{"taxonomy":"product_cat","embeddable":true,"href":"https:\/\/sex-3.de\/shop\/wp-json\/wp\/v2\/product_cat?post=181004"},{"taxonomy":"product_tag","embeddable":true,"href":"https:\/\/sex-3.de\/shop\/wp-json\/wp\/v2\/product_tag?post=181004"}],"curies":[{"name":"wp","href":"https:\/\/api.w.org\/{rel}","templated":true}]}}